, 3
Suppose -4*h + 5*l + 23182 = 0, -60*l + 59*l = 6. What are the prime factors of h?
2, 1447
Let q be (0 - -8)*(-5)/(-20). Suppose -h - 103 = 2*p - 446, 0 = -q*p + 10. What are the prime factors of h?
3, 37
Let q = 291 + -163. Let v = q - 110. Suppose b + v*b = 1786. What are the prime factors of b?
2, 47
Suppose 0 = -26*l + 7*l - 190. Let f(j) be the third derivative of -j**5/60 - 13*j**4/24 - 5*j**3/6 - j**2. List the prime factors of f(l).
5
What are the prime factors of (384/(-112))/((-6)/10402)?
2, 743
What are the prime factors of (18663 - -1)*-7*(-210)/1176?
2, 5, 2333
Let z = 615 - 81. Suppose 1273*w = 1271*w + z. List the prime factors of w.
3, 89
Let v be 92/12 - 20/(-15). Suppose v*u = 8*u - 3*p + 69, 0 = 2*u - 3*p - 165. What are the prime factors of u?
2, 3, 13
Let b = -8 - -36. Let w = -67 + b. What are the prime factors of (-274)/(-6) - (-26)/w?
3, 5
Suppose 4*n - 54 = n. Let b = n + -10. Suppose b*y - 398 = -54. List the prime factors of y.
43
Let d(b) = -25*b**3 + 18*b**2 - 119*b - 1598. What are the prime factors of d(-13)?
2, 14479
Let m be 2/(-14) - (-8 - 416/(-28)). Let v(u) = 7*u**2 - 10*u - 13. What are the prime factors of v(m)?
2, 5
Suppose 37950 = 6*d + 25788. What are the prime factors of d?
2027
Let a(s) = -7*s - 120. Let q be a(-3). List the prime factors of (-106038)/q + 2/(-22).
3, 7, 17
Let i(c) = c**2 - 20*c + 94. Let p be i(13). List the prime factors of 784/20*(2 + p).
2, 7
What are the prime factors of 6/(90/293235) + 6?
5, 3911
Let x be (1608/(-335))/((-6)/20). Suppose 288 = -15*g + x*g. List the prime factors of g.
2, 3
Let j be (-342 - 5)/(1/(-1)*-1). Let x = 359 + j. List the prime factors of x.
2, 3
What are the prime factors of 1/2*(-696)/(-6)*122?
2, 29, 61
Let g(q) = 1067*q**2 + 54*q + 6. List the prime factors of g(-3).
3, 47, 67
Suppose -a - 52*a + 3*a + 1858700 = 0. List the prime factors of a.
2, 18587
Suppose 375435 = 1039*i - 1012*i. What are the prime factors of i?
3, 5, 103
Let w = -73582 + 125119. List the prime factors of w.
3, 41, 419
Suppose -522*m = -491*m - 2056397 + 619113. What are the prime factors of m?
2, 67, 173
Let q = 0 - -18. Suppose -2*f + 132 = q. Let h = -21 + f. List the prime factors of h.
2, 3
Let z be (-89232)/(-273) + (0 - 2/(-14)). Suppose -419 - z = -2*g. List the prime factors of g.
373
Let n(d) = d**2 + 18*d - 19. Let j be n(-19). Suppose y - 3*o = 282, -3*y = 2*o - j*o - 835. Let w = -191 + y. List the prime factors of w.
2, 11
Let c(d) = 3*d**2 - 13*d + 14. Let r(m) = 13*m**3 - 1. Let q be r(1). Let a be (-13 + (3 - 2))/(q - 14). What are the prime factors of c(a)?
2, 11
Suppose 7*k - 15 = 12*k. Let c(h) = -161*h - 6. Let r be c(k). Suppose -23*v + 20*v = -r. List the prime factors of v.
3, 53
Let b(g) = 10*g + 3. Let n be b(4). Let f be (2 + 4)/(10/45). Let z = n + f. List the prime factors of z.
2, 5, 7
Let g be (-2)/(((-12)/1688)/3). Suppose 23*x + g = 24*x. What are the prime factors of x?
2, 211
Let b(g) = 626*g**2 + g - 129. What are the prime factors of b(5)?
2, 7, 1109
Suppose 280 = -13*s + 18*s. Suppose -s*r + 63*r - 3290 = 0. What are the prime factors of r?
2, 5, 47
Suppose 10904 = 7*q - 34064. Suppose 17*c - 9*c - q = 0. List the prime factors of c.
11, 73
Let f(x) = x**2 - x + 1. Let p(g) = 27*g**2 - 7*g + 16. Let h(l) = 2*f(l) + p(l). List the prime factors of h(3).
2, 3, 7
Let u(h) = 8*h**2 + 35*h + 40. Let c(o) = 3*o**2 + 17*o + 20. Let z(f) = -5*c(f) + 3*u(f). What are the prime factors of z(8)?
2, 3, 7
Suppose -4*s = -t + 529, -3*s - 537 = -t - 7*s. Let x = -169 + t. What are the prime factors of x?
2, 7, 13
Let r be (-1232)/(-20)*(-30)/4. Let x = r - -656. List the prime factors of x.
2, 97
Let m(a) = 26*a**2 + 523*a - 10. What are the prime factors of m(-28)?
2, 3, 5, 191
Let q = 25313 + -13116. List the prime factors of q.
12197
Let d(p) = -p**2 + 14*p + 35. Let o be d(16). Suppose s - 5 = -o. Suppose s*u - t - 199 - 195 = 0, -394 = -2*u - 5*t. List the prime factors of u.
197
Let o(b) = 3*b - 50. Let u be o(22). Suppose u*r + 656 = 18*r. List the prime factors of r.
2, 41
Suppose -8 = -3*l - a - 1, -5*l + a + 25 = 0. Suppose -3*q - 3 = 0, 0 = -l*s - 3*q + 1048 + 841. What are the prime factors of s?
11, 43
Let k = -19 - -23. Suppose -11*q = -k*q. Suppose -7*g + q*g = -273. List the prime factors of g.
3, 13
Let k = -304 - -256. What are the prime factors of 6/4 + (-20232)/k?
3, 47
Suppose -4*k - 23 = a, 3*a + 52 = 8*k - 3*k. Let l(t) = -t**3 - 17*t**2 - 17*t + 2. List the prime factors of l(a).
3, 349
Suppose 583 - 7479 = -4*v. Let k = -935 + v. Suppose 187 = 4*t - k. What are the prime factors of t?
2, 61
Let l(m) = 369*m**2 - 298*m - 1183. What are the prime factors of l(-4)?
3, 73
Suppose 5*x - 106 + 91 = 0. Suppose 4*w = x*w - 3*w. Suppose w*u - 595 = -5*u. List the prime factors of u.
7, 17
Let h = 77 + -75. Let x(k) = -7*k - k**2 + 90 - 101 + h*k**2. What are the prime factors of x(-10)?
3, 53
Let u(w) be the first derivative of 2*w**4 - 7*w**3/3 - 27*w**2/2 + 130*w - 129. List the prime factors of u(6).
2, 19
Let p = 2893 + -5309. List the prime factors of (5/2)/((104/p)/(-13)).
5, 151
Let v = -54 + 56. Suppose 0 = v*o + 2*w - 23 - 17, 3*o - 70 = -w. List the prime factors of o.
5
Let i = 32178 - 21332. What are the prime factors of i?
2, 11, 17, 29
Let z(w) = -w**3 - 4*w**2 + 19*w - 11. Let f be z(-7). Suppose -854 = -5*d - 5*l + 776, 978 = f*d + 5*l. What are the prime factors of d?
2, 163
Suppose -23 = -u + 4*n - 12, -3*n = 3*u - 48. Let p(k) = k**2 + 6*k - 26. List the prime factors of p(u).
17
Suppose -2*h - 2*n + 126 = 2*h, 0 = -5*h - 4*n + 162. Let m = 36 - h. Suppose 17 = m*g + 5. List the prime factors of g.
2
Let p(s) be the third derivative of -97*s**4/12 - 25*s**3/6 - 6*s**2 - 2*s. List the prime factors of p(-3).
557
Let z(g) = -g**2 - 61*g + 25. Let m be z(-38). Suppose -10*d + 9*d = -5, m = r + 2*d. List the prime factors of r.
7, 127
Suppose 0*n = -2*n + 40. Let q be (-15)/n + (-16685)/4. What are the prime factors of 5*(4/26 + q/(-260))?
3
Let a be (25/(-10))/(-5) + 550/4. Suppose 14*r = 16*r - a. Let z = r + -9. List the prime factors of z.
2, 3, 5
Suppose -88*w + 80*w = -920. Suppose -7 + w = 3*s. What are the prime factors of s?
2, 3
Let b(a) = 10*a - 15. Let r be b(5). Let d = 69 - r. Suppose g - 229 = -d. What are the prime factors of g?
3, 5, 13
List the prime factors of -183 + 183 + 194 + (2 - 2).
2, 97
Suppose 7*g + 4*x = 8*g + 16, -5*x = -25. Suppose 0 = 2*s, -803 - 1925 = -g*v - s. List the prime factors of v.
2, 11, 31
Let q(g) be the third derivative of 0*g + 40*g**2 - 47/6*g**3 - 23/24*g**4 - 1/120*g**6 + 0 + 17/30*g**5. List the prime factors of q(33).
283
Let c = -13 + 18. Suppose 0 = -2*p - 0*p + 4*t + 24, -5*p = -c*t - 40. Suppose 3*y = -0*y + 6, 5*y = p*g - 374. What are the prime factors of g?
2, 3
Let r = -77 + 489. Let q = 122 + r. List the prime factors of q.
2, 3, 89
Suppose -4*x = v - 91, 26 = 3*x + 5*v - 55. Suppose -x*p = -6391 - 1925. List the prime factors of p.
2, 3, 7
Let x = 43653 - -2177. What are the prime factors of x?
2, 5, 4583
Let u = 49 - 24. Suppose -2*x - 5 = 3*q, x + 2*x = 2*q + u. Suppose 3*b - 3*o - 240 = 0, 259 = 4*b - x*o - 60. What are the prime factors of b?
3
Suppose -480228 - 1821648 = -34*c - 95*c. What are the prime factors of c?
2, 3, 1487
Suppose 16*j - 4*j + 7212 = 0. What are the prime factors of 1/((-5)/30) - j?
5, 7, 17
Suppose 38*w + 129751 = 57*w. List the prime factors of w.
6829
Let q(o) = -8232*o**3 + o**2 + 2*o - 1. List the prime factors of q(-1).
2, 5, 823
Let s(b) = 169*b - 6. Let f be s(1). Let y = f - -119. What are the prime factors of y?
2, 3, 47
Let i be (12/(-2))/(33/(-110)). Let j be ((-90)/75)/((-6)/i). Suppose -j*k - 535 = -5*g + k, 0 = -g + 2*k + 104. What are the prime factors of g?
2, 5, 11
Let r = 18156 - 8182. What are the prime factors of r?
2, 4987
Let c(l) = -l**2 + 11*l + 7*l + 44 - 9*l. What are the prime factors of c(9)?
2, 11
Let w(i) = -111*i - 1. Let u be w(2). Let x(n) = n**2 + 30*n + 521. Let j be x(-19). Let l = j + u. List the prime factors of l.
89
Suppose 2*s - 8664 = -2*k, k - 1736 - 2600 = -5*s. What are the prime factors of k?
61, 71
Let q(i) = -847*i - 68. List the prime factors of q(-6).
2, 23, 109
Suppose 5*u - 9